hen 98 is divided by s(-11).
23
Suppose 2*c - 26 = -5*k, 18 = 4*k - 0*k + 3*c. Calculate the remainder when (-4)/(-14) + (-138)/(-7) is divided by k.
2
Suppose -3*p + 32 = p. What is the remainder when (3 + -1)/(-4)*-62 is divided by p?
7
Let q(g) be the second derivative of -g**5/20 + 7*g**4/12 - g**3 - 2*g**2 - 4*g. What is the remainder when 63 is divided by q(5)?
15
Let r = 17 - 13. What is the remainder when 14 is divided by r?
2
Calculate the remainder when 15 is divided by 106/22 - (-2)/11.
0
Let x(h) = -h**2 - 5*h - 4. Let c be x(-3). Let k = -12 + 14. Calculate the remainder when (c + 2)*(-3)/(-6) is divided by k.
0
Let v be (7/3)/((-2)/6). Let x = 31 + -47. Let b = v - x. What is the remainder when 34 is divided by b?
7
Let m(l) = 4*l - 21. Calculate the remainder when m(10) is divided by 7.
5
Let f(t) = 7*t + 7 + 3 - 3 + t**2. Let x = 39 - 20. Calculate the remainder when x is divided by f(-7).
5
What is the remainder when ((45/4)/(-3))/(3/(-24)) is divided by 16?
14
Let z = 93 + -53. Calculate the remainder when z is divided by 11.
7
Let c(q) = -q**2 + 9*q - 12. Calculate the remainder when 22 is divided by c(6).
4
Let h be 2/(3*2/12). Suppose -h*o - 3*c = -9, 5*c + 11 + 14 = 0. What is the remainder when 16 is divided by o?
4
Calculate the remainder when 61 is divided by 4/34 - 2130/(-102).
19
What is the remainder when 42 is divided by (-45 + (-1)/1)*2/(-4)?
19
Let b be (-2)/(-6) + (-1)/3. Suppose b = 3*g - 18. What is the remainder when 22 is divided by g?
4
Suppose -2*k - 24 = -4*k. Calculate the remainder when 20 is divided by k.
8
Suppose 9*v = 2*v + 168. What is the remainder when 71 is divided by v?
23
Suppose -6*p + 434 - 146 = 0. Calculate the remainder when p is divided by 17.
14
Let i = 106 + -31. Suppose s - i = -10. What is the remainder when s is divided by 34?
31
Suppose k - 24 = -3*h, 10*h = 5*h - 4*k + 47. Calculate the remainder when h is divided by 5.
2
Let h = 0 - -7. Let l = 33 + -14. Calculate the remainder when l is divided by h.
5
Let z = 11 + -13. Let h(m) = -5*m - 3. Calculate the remainder when 10 is divided by h(z).
3
Let a be 1 - (2/(-2) + -1). Suppose -5*z + 56 = -a*p, 6*p = 2*z + p - 30. Suppose -2*g = -0*g - z. What is the remainder when 13 is divided by g?
3
Let x(i) = i**3 + 8*i**2 + i - 9. What is the remainder when x(-6) is divided by 20?
17
Let u(k) = -k**3 + 7*k**2 + 11*k + 10. Let p be u(9). Let h = 95 + p. Let m = -29 + 51. Calculate the remainder when h is divided by m.
20
Let z = -124 - -173. Suppose 3*h - q - z = 0, 4*h + 0*q = -3*q + 48. Calculate the remainder when 59 is divided by h.
14
Let a = -2 - -9. What is the remainder when (23 + -42)*(-1 + 0/1) is divided by a?
5
Let m(i) = 4*i + 3. Suppose 2*o = 3*v, -4*v + 14 - 6 = 0. Let n(p) = p**3 - 2*p**2 - 2*p + 4. Calculate the remainder when m(4) is divided by n(o).
5
Let q(g) = g**3 - 2*g**2 + g + 1. Suppose -4*o = -5*a + 43 - 7, -2*o = -2. Let n = -5 + a. Calculate the remainder when 24 is divided by q(n).
11
Calculate the remainder when 9 is divided by 15/(-5) - (0 - 6).
0
Let u(s) = s + 3*s - 10 - 6*s - s. What is the remainder when 31 is divided by u(-7)?
9
Let o(l) = -3*l - 26. What is the remainder when 7 is divided by o(-10)?
3
Suppose 6 = -0*m - 3*m, -4*t - 3*m + 230 = 0. What is the remainder when t is divided by 30?
29
Let t = 26 + -24. Let s = 13 + -9. Let a = s - 2. Calculate the remainder when t is divided by a.
0
Let n(r) = -19*r + 4. Let b be n(5). Let d = b - -159. What is the remainder when d is divided by 23?
22
Let r be (-6)/(2/16*6). Suppose 5*o - 68 - 12 = 0. What is the remainder when 6/r + (-561)/(-12) is divided by o?
14
Let t = -39 + 75. What is the remainder when t is divided by (-12)/(-28) + 176/14?
10
Suppose -4*j - 4*o + 24 = 0, 6*j - 2*j + 8 = 4*o. Suppose -d = -2*d + j*b + 2, 5*d - 4*b - 16 = 0. What is the remainder when 11 is divided by d?
3
Suppose 0 = 4*a - 6*a + 22. Suppose 2*l - 8 = -24. Calculate the remainder when ((-6)/l)/((-3)/(-84)) is divided by a.
10
Suppose 4*g = -2 + 326. Suppose 2*y - 84 = -2*y. What is the remainder when g is divided by y?
18
Suppose 4*j = 3*u - 150, -2*u + 2*j = 3*j - 89. What is the remainder when u is divided by 12?
10
Calculate the remainder when (-2 + 2)/3 - -44 is divided by 12.
8
Suppose 4*b - 186 = 2*a, -b + 4*a + 83 = 19. Suppose -b = -2*c - 4. What is the remainder when c is divided by 11?
9
Let j = -5 + 18. Suppose -4*k = -12 - 0. What is the remainder when j is divided by 7 - 0*(-2 + k)?
6
Let n(w) = -29*w + 7. What is the remainder when n(-2) is divided by 22?
21
Let z = -80 + 210. Let t = z + -84. Let i = 39 - 27. Calculate the remainder when t is divided by i.
10
Let i = 23 + -11. Let w be ((-261)/(-6))/(2/4). Let q = w - 52. What is the remainder when q is divided by i?
11
Let x(h) = -h**3 - 3*h**2 + 2*h - 4. Let n be x(-4). Suppose -3*a = -n*a + 22. Let u(i) = -i**2 + 10*i - 4. Calculate the remainder when a is divided by u(8).
10
Let o = -22 + 27. What is the remainder when o is divided by 4?
1
Let c = -7 - -52. Let z(k) = -k. Let d be z(-5). Suppose 0*n + 15 = -5*n, 0 = d*l + 5*n - c. What is the remainder when l is divided by 7?
5
What is the remainder when 214 is divided by 6*(-3 + 8 + 1)?
34
Suppose 4 + 32 = 3*n. Let u = 15 + -8. Calculate the remainder when n is divided by u.
5
Suppose -3*f + 6 = -b - 26, 2*f - 2*b - 20 = 0. What is the remainder when f is divided by 6?
5
Let m(x) = -x + 7. Let a be m(7). Suppose 0*s + s - 4 = a. What is the remainder when s is divided by 3*-4*(-3)/18?
0
Suppose 4*g + 8*g = 444. Calculate the remainder when g is divided by 10.
7
Suppose 1 - 7 = 3*b. Let a(h) = -8*h + 1. Calculate the remainder when 1/(-4) + 197/4 is divided by a(b).
15
Let b = 152 + -149. Let f be 1/(1*(0 + 1)). Calculate the remainder when f/3 + (-40)/(-6) is divided by b.
1
Let v(d) = d**2 + 7*d + 6. Let n be v(-7). Let c = n + -4. Suppose -r + c*r - 14 = 3*p, 0 = 3*r + 4*p - 29. Calculate the remainder when 32 is divided by r.
10
Let m(z) = -28*z - 3. What is the remainder when 74 is divided by m(-1)?
24
Suppose -5*k + k + 12 = 0. Suppose 0*o - k*o = -24. What is the remainder when o is divided by 6?
2
Suppose -2*g = s - 6*g - 40, 0 = -4*s + 2*g + 104. Let l(z) = z**2 + 5*z + 3. Let j be l(-9). What is the remainder when s is divided by ((-10)/(-6))/5*j?
11
Let a(r) = 3*r - 3. Let g(j) = -2*j + 26. What is the remainder when g(8) is divided by a(3)?
4
Let y be (-6)/9 - 150/(-9). Suppose -3*x + y + 20 = 0. Calculate the remainder when x is divided by 5.
2
Let p(f) = 2*f + 2. Suppose n = -3*z + 25, 0 + 5 = 2*n - 3*z. Calculate the remainder when n is divided by p(2).
4
Suppose 3*v - 4*d + 0*d - 139 = 0, 0 = -2*v - 4*d + 106. Let h(r) = 3*r**2 - 3*r - 1. Calculate the remainder when v is divided by h(3).
15
Let v(o) = 2*o + 8. Let m(r) = -r**3 + 2*r**2 + r + 1. Calculate the remainder when m(-2) is divided by v(-2).
3
Suppose 0 = 2*j + 2*b - 24, -j + 0*j = -5*b. What is the remainder when (-2)/6 - (-82)/3 is divided by j?
7
Let p be 0 + 2 - (-2 + 1). Let i(r) = 6 - 2*r**3 + 2 + 3*r**3 - 9. Calculate the remainder when i(p) is divided by 9.
8
Let d(j) = j**2 + 8*j - 8. Let n be d(-5). Let t = -14 - n. Suppose 0 = -4*m - a - 4*a + 115, 2*m = -5*a + 65. Calculate the remainder when m is divided by t.
7
Let g = 3 + 24. Calculate the remainder when g is divided by 6.
3
Let z(t) = t + 5. Let k be 9/(-6)*1*2. Let l be z(k). Suppose 0 = -2*d + a + l, 8 = a + a. Calculate the remainder when 9 is divided by d.
0
Let j(k) = k**2 - k - 2. Let h be j(-2). Suppose -8*w = -h*w - 4. Calculate the remainder when w is divided by 1.
0
Suppose -9*f + 1607 - 320 = 0. Calculate the remainder when f is divided by 29.
27
Let x(j) = 2*j**2 - 13*j + 15. What is the remainder when x(9) is divided by 16?
12
Let r = 33 + -5. Calculate the remainder when r is divided by 9/1 - (-1)/1.
8
Suppose 0*w + 16 = 2*w. What is the remainder when 13 is divided by ((-10)/w)/((-4)/16)?
3
Let l = -17 + 24. Calculate the remainder when 13 is divided by l.
6
Let c(o) = 2*o + 38. Calculate the remainder when 77 is divided by c(-6).
25
Let t(s) = -41*s - 2. What is the remainder when t(-3) is divided by 31?
28
Let k(h) = -2*h**2 - 2*h + 2. Let c be k(-4). Let y = -9 - c. What is the remainde